, 6637
List the prime factors of 326.
2, 163
List the prime factors of 30403.
30403
List the prime factors of 673.
673
List the prime factors of 556.
2, 139
List the prime factors of 130331.
47, 59
What are the prime factors of 424?
2, 53
List the prime factors of 47980.
2, 5, 2399
List the prime factors of 30818.
2, 19, 811
List the prime factors of 8637.
3, 2879
List the prime factors of 6685.
5, 7, 191
What are the prime factors of 15947?
37, 431
List the prime factors of 691.
691
What are the prime factors of 9106?
2, 29, 157
List the prime factors of 17389.
17389
What are the prime factors of 2161?
2161
What are the prime factors of 1366?
2, 683
List the prime factors of 2905.
5, 7, 83
What are the prime factors of 61097?
107, 571
List the prime factors of 16413.
3, 5471
List the prime factors of 267.
3, 89
List the prime factors of 15926.
2, 7963
List the prime factors of 1683.
3, 11, 17
List the prime factors of 27957.
3, 9319
List the prime factors of 1762.
2, 881
List the prime factors of 9051.
3, 7, 431
List the prime factors of 1371.
3, 457
What are the prime factors of 6115?
5, 1223
What are the prime factors of 1960?
2, 5, 7
List the prime factors of 803.
11, 73
What are the prime factors of 1138?
2, 569
What are the prime factors of 75407?
75407
List the prime factors of 2902.
2, 1451
What are the prime factors of 1034?
2, 11, 47
What are the prime factors of 39612?
2, 3, 3301
List the prime factors of 1932.
2, 3, 7, 23
What are the prime factors of 291?
3, 97
List the prime factors of 155239.
7, 67, 331
List the prime factors of 3883.
11, 353
List the prime factors of 44472.
2, 3, 17, 109
What are the prime factors of 4755?
3, 5, 317
What are the prime factors of 814?
2, 11, 37
List the prime factors of 9803.
9803
List the prime factors of 2567.
17, 151
List the prime factors of 32349.
3, 41, 263
List the prime factors of 2980.
2, 5, 149
List the prime factors of 46862.
2, 23431
List the prime factors of 21955.
5, 4391
List the prime factors of 44807.
7, 37, 173
What are the prime factors of 35653?
101, 353
List the prime factors of 2616.
2, 3, 109
What are the prime factors of 1722?
2, 3, 7, 41
List the prime factors of 2700.
2, 3, 5
List the prime factors of 346.
2, 173
List the prime factors of 29711.
11, 37, 73
What are the prime factors of 10203?
3, 19, 179
List the prime factors of 49427.
7, 23, 307
What are the prime factors of 465?
3, 5, 31
List the prime factors of 3637.
3637
What are the prime factors of 43772?
2, 31, 353
What are the prime factors of 2178?
2, 3, 11
List the prime factors of 2108.
2, 17, 31
What are the prime factors of 39474?
2, 3, 17, 43
List the prime factors of 129981.
3, 37, 1171
What are the prime factors of 47857?
47857
List the prime factors of 87192.
2, 3, 7, 173
List the prime factors of 1859.
11, 13
List the prime factors of 4225.
5, 13
List the prime factors of 13583.
17, 47
List the prime factors of 1279.
1279
List the prime factors of 397.
397
What are the prime factors of 1226?
2, 613
What are the prime factors of 14108?
2, 3527
List the prime factors of 52613.
11, 4783
What are the prime factors of 3911?
3911
What are the prime factors of 5628?
2, 3, 7, 67
List the prime factors of 19374.
2, 3, 3229
List the prime factors of 32926.
2, 101, 163
What are the prime factors of 22485?
3, 5, 1499
List the prime factors of 7328.
2, 229
List the prime factors of 2660.
2, 5, 7, 19
What are the prime factors of 37948?
2, 53, 179
What are the prime factors of 1257?
3, 419
What are the prime factors of 1267?
7, 181
List the prime factors of 14548.
2, 3637
List the prime factors of 12986.
2, 43, 151
What are the prime factors of 254?
2, 127
What are the prime factors of 90086?
2, 31, 1453
List the prime factors of 4447.
4447
What are the prime factors of 101928?
2, 3, 31, 137
List the prime factors of 2625.
3, 5, 7
What are the prime factors of 14891?
14891
What are the prime factors of 1020?
2, 3, 5, 17
What are the prime factors of 1550?
2, 5, 31
What are the prime factors of 1502?
2, 751
What are the prime factors of 17384?
2, 41, 53
List the prime factors of 3920.
2, 5, 7
What are the prime factors of 62729?
149, 421
List the prime factors of 23167.
23167
List the prime factors of 120673.
7, 17239
What are the prime factors of 35707?
7, 5101
List the prime factors of 15746.
2, 7873
What are the prime factors of 345?
3, 5, 23
List the prime factors of 48945.
3, 5, 13, 251
List the prime factors of 1406.
2, 19, 37
List the prime factors of 64415.
5, 13, 991
List the prime factors of 659.
659
List the prime factors of 14487.
3, 11, 439
What are the prime factors of 2394?
2, 3, 7, 19
List the prime factors of 4257.
3, 11, 43
List the prime factors of 28580.
2, 5, 1429
List the prime factors of 670.
2, 5, 67
List the prime factors of 9325.
5, 373
What are the prime factors of 47408?
2, 2963
What are the prime factors of 1124?
2, 281
What are the prime factors of 20?
2, 5
List the prime factors of 10823.
79, 137
List the prime factors of 17812.
2, 61, 73
What are the prime factors of 715?
5, 11, 13
What are the prime factors of 4890?
2, 3, 5, 163
List the prime factors of 699.
3, 233
What are the prime factors of 1517?
37, 41
What are the prime factors of 7323?
3, 2441
What are the prime factors of 633?
3, 211
What are the prime factors of 15469?
31, 499
List the prime factors of 13569.
3, 4523
What are the prime factors of 51308?
2, 101, 127
What are the prime factors of 4635?
3, 5, 103
What are the prime factors of 1595?
5, 11, 29
What are the prime factors of 138558?
2, 3, 7, 3299
What are the prime factors of 34721?
34721
List the prime factors of 35963.
35963
What are the prime factors of 16671?
3, 5557
List the prime factors of 178560.
2, 3, 5, 31
List the prime factors of 1004.
2, 251
List the prime factors of 2760.
2, 3, 5, 23
What are the prime factors of 809?
809
What are the prime factors of 4652?
2, 1163
List the prime factors of 14914.
2, 7457
What are the prime factors of 1015?
5, 7, 29
List the prime factors of 1842.
2, 3, 307
What are the prime factors of 670?
2, 5, 67
List the prime factors of 4821.
3, 1607
What are the prime factors of 114922?
2, 37, 1553
What are the prime factors of 3293?
37, 89
What are the prime factors of 34024?
2, 4253
What are the prime factors of 3773?
7, 11
List the prime factors of 19258.
2, 9629
List the prime factors of 7650.
2, 3, 5, 17
List the prime factors of 669.
3, 223
What are the prime factors of 4243?
4243
What are the prime factors of 5945?
5, 29, 41
List the prime factors of 693.
3, 7, 11
What are the prime factors of 3677?
3677
List the prime factors of 5632.
2, 11
What are the prime factors of 3844?
2, 31
What are the prime factors of 45491?
45491
What are the prime factors of 2306?
2, 1153
List the prime factors of 475.
5, 19
What are the prime factors of 3933?
3, 19, 23
List the prime factors of 18119.
18119
What are the prime factors of 38771?
137, 283
What are the prime factors of 869?
11, 79
List the prime factors of 462.
2, 3, 7, 11
List the prime factors of 3197.
23, 139
What are the prime factors of 1362?
2, 3, 227
List the prime factors of 9935.
5, 1987
List the prime factors of 188184.
2, 3, 7841
What are the prime factors of 6769?
7, 967
What are the prime factors of 103051?
13, 7927
What are the prime factors of 53865?
3, 5, 7, 19
What are the prime factors of 1313?
13, 101
What are the prime factors of 80?
2, 5
List the prime factors of 19355.
5, 7, 79
What are the prime factors of 144198?
2, 3, 8011
What are the prime factors of 1211?
7, 173
What are the prime factors of 6235?
5, 29, 43
List the prime factors of 2293.
2293
List the prime factors of 90476.
2, 22619
List the prime factors of 131258.
2, 65629
What are the prime factors of 916?
2, 229
List the prime factors of 18708.
2, 3, 1559
List the prime factors of 104177.
19, 5483
What are the prime factors of 2133?
3, 79
List the prime factors of 1674.
2, 3, 31
What are the prime factors of 4407?
3, 13, 113
List the prime factors of 17036.
2, 4259
List the prime factors of 37196.
2, 17, 547
What are the prime factors of 1215?
3, 5
List the prime factors of 15069.
3, 5023
List the prime factors of 10825.
5, 433
What are the prime factors of 59871?
3, 7, 2851
What are the 